{"id":1351,"date":"2017-06-11T22:52:07","date_gmt":"2017-06-11T20:52:07","guid":{"rendered":"http:\/\/educazione.gesuiti.it\/?p=1351"},"modified":"2021-05-30T00:19:01","modified_gmt":"2021-05-29T22:19:01","slug":"roma-un-documento-sui-tre-pilastri-della-scuola-cattolica-nazionale","status":"publish","type":"rassegna-stampa","link":"https:\/\/www.gesuitieducazione.it\/en\/rassegna-stampa\/roma-un-documento-sui-tre-pilastri-della-scuola-cattolica-nazionale\/","title":{"rendered":"Roma. Un documento sui tre pilastri della Scuola Cattolica nazionale"},"content":{"rendered":"<p>In un tempo come quello attuale, \u00abcaratterizzato da continui e radicali cambiamenti, culturali e sociali, che rendono sempre pi\u00f9 evidenti la centralit\u00e0 educativa che scuola e formazione professionale rivestono per la crescita di persone in grado di affrontare le sfide che si presentano\u00bb, tre pilastri possono costituire il fondamento di un sistema educativo capace di portare ai migliori risultati gli studenti sia come singoli sia come collettivit\u00e0. Essi sono: AUTONOMIA, PARITA&#8217; e LIBERTA&#8217; di SCELTA EDUCATIVA. Proprio questi tre elementi costituiscono il titolo stesso del documento diffuso dal CNSC e scaricabile nella versione integrale sul sito dell&#8217;Ufficio Nazionale per l&#8217;Educazione della CEI (<a href=\"http:\/\/educazione.chiesacattolica.it\/autonomia-parita-scolastica-e-liberta-di-scelta-educativa\/\">clicca qui<\/a>). Il documento finale \u00e8 stato elaborato da una commissione nazionale, di cui era membro anche P. Vitangelo Denora, in qualit\u00e0 di Presidente FIDAE Piemonte-VdA.<\/p>\n<p>Forte di questa convinzione, il Consiglio Nazionale della Scuola Cattolica richiama l\u2019attenzione dell\u2019opinione pubblica e del mondo politico sul sistema educativo italiano, \u201cancora incompiuto\u201d, e invita a fare i passi necessari \u201caffinch\u00e9 il sistema formativo italiano, nel suo complesso, possa perseguire meglio la missione educativa che la societ\u00e0 gli affida e che la legge a pieno titolo gli riconosce\u201d.<\/p>\n<p>\u201cIl sistema educativo di istruzione e formazione \u2013 ricorda il testo \u2013 accoglie in Italia circa nove milioni di alunni: circa 7.800.000 nelle scuole statali, quasi un milione nelle scuole paritarie e circa 150.000 nei centri di formazione professionale accreditati. La presenza delle scuole paritarie nel nostro Paese, di cui il 70% sono scuole dell\u2019infanzia, si va progressivamente riducendo per una pluralit\u00e0 di ragioni, delle quali la pi\u00f9 rilevante \u00e8 l\u2019ostacolo costituito dai costi che ricadono sulle famiglie. Urge pertanto intervenire per dare piena attuazione alla legge 62\/2000 al fine di garantire effettivamente, nell\u2019unico sistema nazionale di istruzione, la presenza delle scuole paritarie e dell\u2019IeFP, che erogano un servizio pubblico, aperto a tutti, condotto nel rispetto di criteri rigorosi e sottoposto a severi controlli. La valorizzazione del servizio pubblico di istruzione assicurato anche da soggetti diversi dallo Stato attuerebbe inoltre quel principio di sussidiariet\u00e0, presente nella nostra carta costituzionale, che rappresenta il punto di riferimento fondamentale per il passaggio dal Welfare State alla Welfare Society, sempre pi\u00f9 necessario in tutto l\u2019Occidente\u201d.<\/p>\n<p>&gt; <a href=\"http:\/\/educazione.chiesacattolica.it\/wp-content\/uploads\/sites\/6\/2017\/06\/06\/CNSC-Autonomia-parit%C3%A0-e-libert%C3%A0-di-scelta-educativa.pdf\">Scarica il testo integrale del Documento<\/a><\/p>\n<p>&gt; <a href=\"http:\/\/educazione.chiesacattolica.it\/wp-content\/uploads\/sites\/6\/2017\/06\/06\/Avvenire_7-giugno-2017.pdf\">Articolo su AVVENIRE del 7\/6\/2017<\/a><\/p>\n","protected":false},"featured_media":1203,"template":"","istituto":[],"partner":[],"class_list":["post-1351","rassegna-stampa","type-rassegna-stampa","status-publish","has-post-thumbnail","hentry"],"acf":[],"_links":{"self":[{"href":"https:\/\/www.gesuitieducazione.it\/en\/wp-json\/wp\/v2\/rassegna-stampa\/1351"}],"collection":[{"href":"https:\/\/www.gesuitieducazione.it\/en\/wp-json\/wp\/v2\/rassegna-stampa"}],"about":[{"href":"https:\/\/www.gesuitieducazione.it\/en\/wp-json\/wp\/v2\/types\/rassegna-stampa"}],"wp:featuredmedia":[{"embeddable":true,"href":"https:\/\/www.gesuitieducazione.it\/en\/wp-json\/wp\/v2\/media\/1203"}],"wp:attachment":[{"href":"https:\/\/www.gesuitieducazione.it\/en\/wp-json\/wp\/v2\/media?parent=1351"}],"wp:term":[{"taxonomy":"istituto","embeddable":true,"href":"https:\/\/www.gesuitieducazione.it\/en\/wp-json\/wp\/v2\/istituto?post=1351"},{"taxonomy":"partner","embeddable":true,"href":"https:\/\/www.gesuitieducazione.it\/en\/wp-json\/wp\/v2\/partner?post=1351"}],"curies":[{"name":"wp","href":"https:\/\/api.w.org\/{rel}","templated":true}]}}

<p>In un tempo come quello attuale, «caratterizzato da continui e radicali cambiamenti, culturali e sociali, che rendono sempre più evidenti la centralità educativa che scuola e formazione professionale rivestono per la crescita di persone in grado di affrontare le sfide che si presentano», tre pilastri possono costituire il fondamento di un sistema educativo capace di portare ai migliori risultati gli studenti sia come singoli sia come collettività. Essi sono: AUTONOMIA, PARITA&#8217; e LIBERTA&#8217; di SCELTA EDUCATIVA. Proprio questi tre elementi costituiscono il titolo stesso del documento diffuso dal CNSC e scaricabile nella versione integrale sul sito dell&#8217;Ufficio Nazionale per l&#8217;Educazione della CEI (<a href="http://educazione.chiesacattolica.it/autonomia-parita-scolastica-e-liberta-di-scelta-educativa/">clicca qui</a>). Il documento finale è stato elaborato da una commissione nazionale, di cui era membro anche P. Vitangelo Denora, in qualità di Presidente FIDAE Piemonte-VdA.</p>
<p>Forte di questa convinzione, il Consiglio Nazionale della Scuola Cattolica richiama l’attenzione dell’opinione pubblica e del mondo politico sul sistema educativo italiano, “ancora incompiuto”, e invita a fare i passi necessari “affinché il sistema formativo italiano, nel suo complesso, possa perseguire meglio la missione educativa che la società gli affida e che la legge a pieno titolo gli riconosce”.</p>
<p>“Il sistema educativo di istruzione e formazione – ricorda il testo – accoglie in Italia circa nove milioni di alunni: circa 7.800.000 nelle scuole statali, quasi un milione nelle scuole paritarie e circa 150.000 nei centri di formazione professionale accreditati. La presenza delle scuole paritarie nel nostro Paese, di cui il 70% sono scuole dell’infanzia, si va progressivamente riducendo per una pluralità di ragioni, delle quali la più rilevante è l’ostacolo costituito dai costi che ricadono sulle famiglie. Urge pertanto intervenire per dare piena attuazione alla legge 62/2000 al fine di garantire effettivamente, nell’unico sistema nazionale di istruzione, la presenza delle scuole paritarie e dell’IeFP, che erogano un servizio pubblico, aperto a tutti, condotto nel rispetto di criteri rigorosi e sottoposto a severi controlli. La valorizzazione del servizio pubblico di istruzione assicurato anche da soggetti diversi dallo Stato attuerebbe inoltre quel principio di sussidiarietà, presente nella nostra carta costituzionale, che rappresenta il punto di riferimento fondamentale per il passaggio dal Welfare State alla Welfare Society, sempre più necessario in tutto l’Occidente”.</p>
<p>&gt; <a href="http://educazione.chiesacattolica.it/wp-content/uploads/sites/6/2017/06/06/CNSC-Autonomia-parit%C3%A0-e-libert%C3%A0-di-scelta-educativa.pdf">Scarica il testo integrale del Documento</a></p>
<p>&gt; <a href="http://educazione.chiesacattolica.it/wp-content/uploads/sites/6/2017/06/06/Avvenire_7-giugno-2017.pdf">Articolo su AVVENIRE del 7/6/2017</a></p>
