{"id":2757,"date":"2021-06-02T11:01:48","date_gmt":"2021-06-02T09:01:48","guid":{"rendered":"https:\/\/www.gesuitieducazione.it\/?post_type=progetto&#038;p=2757"},"modified":"2021-12-21T15:54:53","modified_gmt":"2021-12-21T13:54:53","slug":"borsa-di-studio-carlo-acutis","status":"publish","type":"progetto","link":"https:\/\/www.gesuitieducazione.it\/en\/progetto\/borsa-di-studio-carlo-acutis\/","title":{"rendered":"Borsa di studio \u201cCarlo Acutis&#8221;"},"content":{"rendered":"\n<p>I cambiamenti del contesto socio-economico e demografico italiano portano le famiglie alla ricerca di strutture scolastiche che possano garantire percorsi di studio, soprattutto per i pi\u00f9 piccoli, formativi e completi che non si occupino solo dalla conoscenza delle materie ma anche all\u2019attenzione alla socializzazione. Le trasformazioni delle strutture familiari, a livello sociale prevedono la presa in carico del bambino a tutto tondo. <strong>Il momento storico che stiamo vivendo ha permesso di valutare con ancora pi\u00f9 attenzione l\u2019importanza di formare gli studenti sul tema dell\u2019apprendimento tramite strumenti digitalizzati e software ancora pi\u00f9 accessibili e funzionali.<\/strong> Sempre pi\u00f9 necessario \u00e8 il ricorso a percorsi di formazione, anche a distanza, non solo in ambito studentesco ma anche in ambito lavorativo. Il periodo di emergenza sanitaria ha imposto un cambiamento reale non pi\u00f9 prorogabile.<\/p>\n\n\n\n<p>In questo contesto, cos\u00ec come nella proposta formativa delle Scuole dei Gesuiti, \u00e8 innegabile che l\u2019accesso al ciclo di studi promosso dalle nostre scuole non sia accessibile alle fasce della popolazione meno abbienti o che in un momento di estrema fragilit\u00e0 come quello attuale si sono trovate a vivere situazioni di precariet\u00e0 nuove. Tale precariet\u00e0 porta i genitori a fare delle scelte obbligate anche sui percorsi di studi dei propri figli; scelte sofferte che impattano in primis sui ragazzi stessi, perch\u00e9 esclusi da una formazione esclusiva, e secondo sulla comunit\u00e0 del futuro che si priva oggi di possibili risorse di eccellenza domani.<\/p>\n\n\n\n<p><strong><em>Con il progetto Borse di studio in memoria di Carlo Acutis vogliamo renderlo possibile.<\/em><\/strong><\/p>\n\n\n\n<p>Sostieni ora questo progetto. Anche un piccolo contributo, fa la differenza per i nostri ragazzi.<\/p>\n\n\n\n<p>Grazie.<\/p>\n","protected":false},"featured_media":4545,"template":"","categories":[],"istituto":[],"partner":[],"stato":[253],"class_list":["post-2757","progetto","type-progetto","status-publish","has-post-thumbnail","hentry","stato-attivo"],"acf":[],"_links":{"self":[{"href":"https:\/\/www.gesuitieducazione.it\/en\/wp-json\/wp\/v2\/progetto\/2757"}],"collection":[{"href":"https:\/\/www.gesuitieducazione.it\/en\/wp-json\/wp\/v2\/progetto"}],"about":[{"href":"https:\/\/www.gesuitieducazione.it\/en\/wp-json\/wp\/v2\/types\/progetto"}],"version-history":[{"count":2,"href":"https:\/\/www.gesuitieducazione.it\/en\/wp-json\/wp\/v2\/progetto\/2757\/revisions"}],"predecessor-version":[{"id":4860,"href":"https:\/\/www.gesuitieducazione.it\/en\/wp-json\/wp\/v2\/progetto\/2757\/revisions\/4860"}],"wp:featuredmedia":[{"embeddable":true,"href":"https:\/\/www.gesuitieducazione.it\/en\/wp-json\/wp\/v2\/media\/4545"}],"wp:attachment":[{"href":"https:\/\/www.gesuitieducazione.it\/en\/wp-json\/wp\/v2\/media?parent=2757"}],"wp:term":[{"taxonomy":"category","embeddable":true,"href":"https:\/\/www.gesuitieducazione.it\/en\/wp-json\/wp\/v2\/categories?post=2757"},{"taxonomy":"istituto","embeddable":true,"href":"https:\/\/www.gesuitieducazione.it\/en\/wp-json\/wp\/v2\/istituto?post=2757"},{"taxonomy":"partner","embeddable":true,"href":"https:\/\/www.gesuitieducazione.it\/en\/wp-json\/wp\/v2\/partner?post=2757"},{"taxonomy":"stato","embeddable":true,"href":"https:\/\/www.gesuitieducazione.it\/en\/wp-json\/wp\/v2\/stato?post=2757"}],"curies":[{"name":"wp","href":"https:\/\/api.w.org\/{rel}","templated":true}]}}

<p>I cambiamenti del contesto socio-economico e demografico italiano portano le famiglie alla ricerca di strutture scolastiche che possano garantire percorsi di studio, soprattutto per i più piccoli, formativi e completi che non si occupino solo dalla conoscenza delle materie ma anche all’attenzione alla socializzazione. Le trasformazioni delle strutture familiari, a livello sociale prevedono la presa in carico del bambino a tutto tondo. <strong>Il momento storico che stiamo vivendo ha permesso di valutare con ancora più attenzione l’importanza di formare gli studenti sul tema dell’apprendimento tramite strumenti digitalizzati e software ancora più accessibili e funzionali.</strong> Sempre più necessario è il ricorso a percorsi di formazione, anche a distanza, non solo in ambito studentesco ma anche in ambito lavorativo. Il periodo di emergenza sanitaria ha imposto un cambiamento reale non più prorogabile.</p>



<p>In questo contesto, così come nella proposta formativa delle Scuole dei Gesuiti, è innegabile che l’accesso al ciclo di studi promosso dalle nostre scuole non sia accessibile alle fasce della popolazione meno abbienti o che in un momento di estrema fragilità come quello attuale si sono trovate a vivere situazioni di precarietà nuove. Tale precarietà porta i genitori a fare delle scelte obbligate anche sui percorsi di studi dei propri figli; scelte sofferte che impattano in primis sui ragazzi stessi, perché esclusi da una formazione esclusiva, e secondo sulla comunità del futuro che si priva oggi di possibili risorse di eccellenza domani.</p>



<p><strong><em>Con il progetto Borse di studio in memoria di Carlo Acutis vogliamo renderlo possibile.</em></strong></p>



<p>Sostieni ora questo progetto. Anche un piccolo contributo, fa la differenza per i nostri ragazzi.</p>



<p>Grazie.</p>
